 + 10 + -20 + 4?
23
9 - ((-6 - 1) + (51 - 45))
10
Calculate (-59 - -62) + 1 + 10.
14
What is -95 + (81 - 1) + 1 + 10?
-4
What is -2 + (-4 - 1) - (-11 + 11 - 5)?
-2
What is the value of (29 - (29 - 16)) + 1?
17
Evaluate -13 - (-10 - (15 - 5)) - (-7 - -2).
12
What is the value of (28 - 3) + (-20 - 6)?
-1
Calculate -20 - (-3 - (-3 - -1)) - (-182 + 191).
-28
What is (-2 + 1 - 2 - 5) + (-14 - 3)?
-25
Calculate -2 + -5 + (-21 - -18).
-10
Calculate (3 - -3 - (4 + 0)) + -3 + -1.
-2
Calculate -27 + 44 - (28 + -2).
-9
What is the value of 39 - (30 - (-16 + 25 + 4))?
22
Calculate -14 - (-3 - (9 + 3)).
1
What is 0 - (-2 + 0 - 3) - (-2 - -10)?
-3
Evaluate (-4 - -2) + 2 + -2 + 9 + -3.
4
What is (170 - 179) + 9 + 4 + 1?
5
(2 - (8 - -2) - 0) + -1 + 8
-1
Calculate -20 + (15 - -8) + 1.
4
What is the value of 7 - ((1 + -10 - -1) + 8)?
7
Calculate 0 - 8 - (-3 + -10 + 8).
-3
17 + 4 + -13 + 4
12
Evaluate 30 - (-15 - 22) - 38.
29
What is (0 - (-2 - 9)) + 7 - 1?
17
7 - (-112 - -121 - (0 - -2))
0
What is -8 + 2 + -12 + 12 + 1?
-5
-14 - (6 + (-48 - (0 + -7)))
21
(-1 - -6) + (62 - 96) + -11 + 14
-26
What is the value of 28 + -5 + -17 + (-8 - 0)?
-2
What is the value of -7 - (-12 - 0 - (-15 + 14)) - 3?
1
Evaluate 0 + (1 - 14) - -12.
-1
Evaluate (18 - (8 - 6 - 13)) + -16.
13
What is the value of 14 - (104 - 69 - (0 + 0))?
-21
Evaluate -17 + 3 - (-9 - 4).
-1
Calculate -8 + 10 - 8 - (20 + -14).
-12
What is the value of 7 - (-3 + -24 - -3)?
31
Calculate (-3 - -1) + 0 + 8 + -13.
-7
Calculate (-7 - ((13 - 0) + -5)) + 8.
-7
51 - (5 - (3 - (19 + -8)))
38
9 + 8 + (-23 - (-4 - -10))
-12
What is the value of 6 + -11 + (3 - (6 + -9))?
1
What is the value of 0 + -4 - (5 + 3 + -5 + 0)?
-7
What is the value of (17 - -1) + 1 + 1298 + -1295?
22
Calculate (0 - 3) + (28 - 12) + 7 + -3.
17
What is the value of -1 - ((3 - 1) + 0) - (-478 + 479)?
-4
What is the value of 34 + 12 + -19 + -29?
-2
What is -12 + 15 + 4 + 0?
7
(1 - 0) + -3 + (2 - 8) + 18
10
What is the value of 6 + 2 + 7 - (6 - 5)?
14
Evaluate (-20 + -19 - -18) + 4.
-17
What is -24 + -22 + 63 + -15?
2
Calculate -12 - (8 + 2 - (21 - (3 - -7))).
-11
Evaluate (0 - 27) + (304 - 285).
-8
Calculate 8 + -11 - 0 - 3 - (-10 - 3).
7
33 + -25 + (-4 - -4)
8
(-9 - -10 - 6 - 0) + 4
-1
(-9 + 12 - (6 + 0)) + 12
9
What is the value of (21 - 33) + (3 - -1) + -15 + 15?
-8
Evaluate -1 + 22 + (29 - (1 + (-2 - -19))).
32
(-7 - -8) + (-2 - 2) - (-13 - -14)
-4
64 + -51 - (0 + 3)
10
Calculate -6 + 1 - (-2 + -4).
1
Calculate 0 + -8 + 15 + (-3 - -6).
10
Calculate 12 - (-1 + 5 + -6 + (5 - 5)).
14
What is the value of 18 + -25 + (-2 - -20)?
11
Evaluate (-31 + -13 - -30) + 21.
7
-4 + 0 + 1 + (-103 - -98)
-8
What is -45 + 39 - 1 - -33?
26
What is the value of 0 - (-25 - -20 - (1 - -7))?
13
Calculate (-6 - (-9 + 11 + -12)) + 1.
5
What is the value of 8 + -5 + (38 - 1) - (-298 + 308)?
30
What is the value of (0 - -3) + -13 - (1 + 10)?
-21
-22 - (21 + -8 - 20)
-15
38 + (-12 - -7) + -13
20
1 + (-1 + 2 - 2) + 70 + -69
1
Evaluate 0 - (3 - 0 - (0 + 6) - -9).
-6
Evaluate 4 + 7 - (2 - -1) - 8.
0
What is the value of (-2 + 7 - (-2 + 2)) + -10 + -13?
-18
What is the value of 5 + -3 + -4 - (-5 + 3)?
0
21 - ((-175 + 175 - (1 - -10)) + 14)
18
What is 9 + -19 + 4 + (-8 - (1 + 0))?
-15
(2 - (4 + -3) - -1) + 4
6
What is the value of (-13 - (3 + 0)) + (-15 + 31 - 21)?
-21
Calculate 12 + (-15 - -8) + 1.
6
Evaluate (-2 - 0) + -6 + 13 + 6.
11
Calculate (-20 - -19) + -3 - 5.
-9
What is 32 - -10 - 19 - (-6 - -7)?
22
What is 2 + 14 + (-27 + 13 - -28)?
30
Evaluate 17 + (18 - 49) + (9 - -12).
7
Calculate 4 + -1 + (91 - (-30 + 98)).
26
(8 - (-3 - -13) - -7) + -21
-16
What is 5 + 12 + (-2 - 3)?
12
What is -1 + (-1 - -15 - 5) + 1?
9
Calculate (-3 - 6) + (-9 - (14 - 21) - -43).
32
Calculate (8 - 17) + 16 + (6 - 4).
9
What is the value of 12 + (31 - -2 - 38)?
7
What is (-3 + -7 - (-11 + 1 + 5)) + 3?
-2
What is (-2 - 5) + 16 + -18?
-9
Evaluate (-14 - -13 - -2) + (7 - 2).
6
What is the value of (23 - (18 - 8)) + -20?
-7
(-1 - (-8 + (4 - 3))) + -9 + 0
-3
-10 + (13 - 8 - 5) - 6
-16
(-7 - (13 - 9)) + (2 - 1)
-10
What is -9 + -3 - (13 + -15) - (-4 + 0)?
-6
0 - 9 - ((-8 - 4) + 7)
-4
-11 - (4 + (-11 - -9))
-13
What is 14 - ((6 - 11) + -7) - 10?
16
What is -13 + (8 - 8) - (2 + -4 + 7)?
-18
Evaluate -1 + 0 + -4 + (-11 - -6) + 1.
-9
Evaluate (-6 - (-13 + 18 + -25)) + -15.
-1
-1 + (-16 - (-9 + -9)) - (14 - 1)
-12
Evaluate -25 - (9 + (1 - 10)).
-25
What is the value of -8 + (-3 - -5) + (-15 - -13) + 4?
-4
(1 - (-3 - 2)) + (16 - (-43 - -58))
7
(-9 - 3) + (16 - (33 - 17))
-12
What is the value of -6 + 2 - 1 - (-9 + 5)?
-1
Evaluate -20 + (8 - -8) + (5 - -1) - 7.
-5
What is the value of -4 - -1 - (19 + -37 - -24)?
-9
4 - -12 - 10 - 0 - (-4 - -9)
1
5 - (-6 + (8 + -4 - 1) - -3)
5
Evaluate -38 + 51 - (0 + 6).
7
What is the value of (-28 - -40) + -3 + 0 - -1?
10
What is 50 + (0 - -21) + (302 - 338)?
35
What is the value of -7 + 8 + -3 - 22?
-24
What is (49 + -10 - 23) + -14?
2
3 + 1 - -1 - (-12 + 4 + 22)
-9
Calculate 23 + -35 + -18 + 43.
13
Evaluate 16 + (-9 - (16 + 3)).
-12
What is -31 - (-15 + 39 + -41)?
-14
Evaluate 9 - (7 - (-4 - -5)) - 6.
-3
What is the value of -1 + 4 + -17 + (3 - -9) + 14?
12
What is the value of -22 + (26 - 37) + -7?
-40
Evaluate -9 + (-15 - -4 - -3 - (-16 - 0)).
-1
What is -19 + 26 + (-4 + 22 - (1 - -2))?
22
17 - 2 - (-76 + 82)
9
Calculate 1 - (-3 - -3) - (9 - 13).
5
What is the value of 9 + -5 + 5 + 0?
9
(-5 - (4 + -8)) + -1 + 7 - 0
5
Evaluate 16 - (23 + -14) - (1 - 1).
7
What is the value of -25 - -28 - (2 - (-2 - -7))?
6
Calculate (-6 - -8 - (-9 - -10)) + -9 - -5.
-3
Calculate 7 - (4 + (1 - 10) + -1 + 9).
4
What is 2 + (9 + -2 - (1 + -3 + 9))?
2
Calculate 2 + 8 + -4 + (6 - (4 + 14)).
-6
Evaluate -9 - 2 - (-3 - 0).
-8
Calculate -10 + 1 - -1 - (29 + -30) - -13.
6
Evaluate (-28 - -45) + 7 + -23.
1
Evaluate -19 - (-12 - 16) - 13.
-4
Calculate 5 + 78 + -98 - (-31 + 0).
16
What is -15 + 34 - (-42 + 60)?
1
What is the value of 2 + 3 + 0 + -4 - -3?
4
321 - 342 - (9 + -1)
-29
Evaluate 5 + (-1 + 8 - (8 - 6)).
10
-17 + (-3 - -27 - -1)
8
Calculate 17 + -8 - (164 - 120).
-35
What is -3 - (-8 - -18) - -4?
-9
Calculate -23 - (0 - 1) - (2 - (0 + 10)).
-14
What is the value of (29 - (-20 - -42)) + (2 - (-3 + 12))?
0
Calculate (1 - 2) + 0 + 464 + -476.
-13
Evaluate 14 + 3 + 25 + -38 + -35.
-31
Calculate 0 + 0 + 2 + -79 + (8 - -58).
-11
-2 + 11 - (33 + -30 + (1 - -1))
4
What is 255 + -271 + -5 + 4?
-17
(5 - 11 - -6) + 7 + 3 + 14
24
Evaluate -8 + (-11 - (-13 - -6)) + 4.
-8
0 - 3 - (3 + -6 + (5 - 9))
4
Evaluate 2 - (0 - -7) - (4 + (-12 - -9)).
-6
Calculate 3 + (-6 - -26) - 16.
7
Evaluate (0 + -3 - (-11 - (8 - 16))) + -3.
-3
Evaluate -7 + 17 + -4 + 3 - 18.
-9
Calculate (-788 - -785) + 2 + 12 + 0.
11
Calculate 5 + 25 + 17 + -51 + 0 + 0.
-4
-14 - ((10 - 3) + -13)
-8
What is -2 + (0 - 1) + (-12 - (-12 - -5))?
-8
What is the value of -1 - (7 + -11 + (6 - 2))?
-1
Calculate -5 + (-11 - -13 - 5).
-8
What is -6 + 5 + -2 + (-10 - -33) + -5?
15
What is the value of (24 - (26 - 2) - -26) + (-1 - 5)?
20
Calculate -1 + 16 + -1274 + 1285.
26
Evaluate -12 - ((8 - 2) + (-17 - -3)).
-4
Evaluate -4 - (2 + 0) - (-6 - -10).
-10
What is the value of 39 - (-16 - -9 - -5) - (20 - 13)?
34
Calculate 3 + 16 + -1 + (-5 - -8) + -8.
13
Evaluate 9 - ((51 - 43) + (-2 - 5)).
8
Evaluate -19 - -21 - 21 - -2.
-17
Evaluate -2 + (2 - 3) + 10 - (67 + -69).
9
What is the value of (-3 - 0 - -2) + (1 - 0) + -4?
-4
Calculate -2 + 14 + (5 + -11 + 4 - -12).
22
Calculate 3 + -8 + 8 + 5 - (6 - 2).
4
Calculate -18 + 0 + -23 + 43.
2
What is 178 + -115 + (-36 - 2)?
25
-7 + (-20 - -15) + -2 + 11
-3
What is the value of 0 + 14 + (-4 - 19)?
-9
What is (141 - 163) + (35 - -1)?
14
Evaluate (-12 - -13) + (14 - 2).
13
Calculate 3 - (-4 + 1) - (-4 - 8).
18
-28 + 27 - (-3 + 0)
2
What is the value of (-1 - 0) + (-178 - -160)?
-19
What is the value of 12 + -11 + -15 - -26?
12
Evaluate (-3 - (-4 - -4)) + 39 + (-27 - 8).
1
What is 11 - (7 + 8 + -10 - 0)?
6
5 - (18 + -1 + -8)
-4
What is (-14 - 1) + (29 - 30) + 4 - 2?
-14
Evaluate 2 + -10 + 24 + (17 - 25).
8
What is the value of -9 + (-6 - (-32 - -9) - 1)?
7
What is 18 + (11 - (38 + -13))?
4
Evaluate (-7 - (-2 + -6)) + -16 + (1 - 2).
-16
What is 33 - (18 + 5) - 13?
-3
Evaluate 0 - (13 + -7 + (5 - 12)).
1
Evaluate 